{"id":203,"date":"2025-02-12T20:13:33","date_gmt":"2025-02-12T20:13:33","guid":{"rendered":"https:\/\/viestikyyhky.fi\/?page_id=203"},"modified":"2025-02-15T01:20:09","modified_gmt":"2025-02-15T01:20:09","slug":"rokotukset","status":"publish","type":"page","link":"https:\/\/viestikyyhky.fi\/index.php\/rokotukset\/","title":{"rendered":"Rokotukset"},"content":{"rendered":"\n<p>Seuraavassa lyhyesti voimassa olevasta lains\u00e4\u00e4d\u00e4nn\u00f6st\u00e4:<\/p>\n\n\n\n<p>Tammikuun 2021 j\u00e4lkeen Suomen kansallinen el\u00e4intautilains\u00e4\u00e4d\u00e4nt\u00f6 on muuttunut siten, ett\u00e4 viestikyyhkysten rokottaminen Newcastlen tautia vastaan ei en\u00e4\u00e4 ole pakollista. T\u00e4t\u00e4 koskeva el\u00e4intautilain 76\/2021 perusteella annettu asetus on nimelt\u00e4\u00e4n Maa- ja mets\u00e4talousministeri\u00f6n asetus a-luokan el\u00e4intautien vastustamisesta (MMMa 628\/2023).<\/p>\n\n\n\n<p>Jos kuitenkin viestikyyhkysi\u00e4 vied\u00e4\u00e4n toisiin EU:n j\u00e4senmaihin kuten Ruotsiin kilpailemaan, ne on edelleen rokotettava Newcastlen tautia vastaan. T\u00e4st\u00e4 s\u00e4\u00e4det\u00e4\u00e4n komission delegoidussa asetuksessa (EU) 2020\/688.<\/p>\n\n\n\n<p>Rokotteet ovat el\u00e4inl\u00e4\u00e4kkeit\u00e4, ja Suomessa rokotteet antaa el\u00e4inl\u00e4\u00e4k\u00e4ri. H\u00e4n my\u00f6s antaa rokotustodistuksen. Rokotustodistus tarvitaan, jos viestikyyhkyt vied\u00e4\u00e4n toisiin j\u00e4senmaihin kilpailumatkalle. Silloin niille tarvitaan my\u00f6s kunnanel\u00e4inl\u00e4\u00e4k\u00e4rin antama terveystodistus (ns. Traces-todistus), jossa kunnanel\u00e4inl\u00e4\u00e4k\u00e4ri todistaa mm., ett\u00e4 linnut ovat rokotettuja.<\/p>\n\n\n\n<p>Viestikyyhkyt voi rokottaa my\u00f6s vapaaehtoisesti, vaikka ne eiv\u00e4t kilpailisi muualla kuin Suomessa. T\u00e4ll\u00f6inkin el\u00e4inl\u00e4\u00e4k\u00e4ri rokottaa linnut ensimm\u00e4isen kerran. Tehosterokotteen el\u00e4inl\u00e4\u00e4k\u00e4ri voi luovuttaa linnun omistajalle tai haltijalle. T\u00e4m\u00e4n edellytyksen\u00e4 on, ett\u00e4 rokottamiseen ei k\u00e4ytet\u00e4 el\u00e4vi\u00e4 viruskantoja sis\u00e4lt\u00e4v\u00e4\u00e4 el\u00e4inrokotetta, eik\u00e4 rokottamisesta tarvita rokotustodistusta. N\u00e4ist\u00e4 asioista s\u00e4\u00e4det\u00e4\u00e4n laissa el\u00e4inten l\u00e4\u00e4kitsemisest\u00e4 (2014\/387, 15 \u00a7) ja maa- ja mets\u00e4talousministeri\u00f6n asetuksessa l\u00e4\u00e4kkeiden k\u00e4yt\u00f6st\u00e4 ja luovutuksesta el\u00e4inl\u00e4\u00e4kinn\u00e4ss\u00e4 (17\/14, liite 3, luku 3).<\/p>\n\n\n\n<p>El\u00e4inrokotteiden hintaan vaikuttavat niiden kysynt\u00e4 ja saatavuus. Newcastlen tautia vastaan on olemassa useita myyntiluvallisia valmisteita. Niit\u00e4 ei kuitenkaan ole v\u00e4ltt\u00e4m\u00e4tt\u00e4 kaupan, koska Suomessa siipikarjan rokottaminen Newcastlen tautia vastaan ei ole sallittua, kuten useimmissa muissa maissa. Yksitt\u00e4isten viestikyyhkysille tarkoitettujen rokoteannosten hinta muodostuu t\u00e4ll\u00f6in helposti korkeaksi, koska el\u00e4inl\u00e4\u00e4k\u00e4ri joutuu niit\u00e4 erikseen tilaamaan l\u00e4\u00e4ketukusta.<\/p>\n\n\n\n<p>Lis\u00e4tietoja viestikyyhkyjen siirtoehdoista j\u00e4senmaiden v\u00e4lill\u00e4 l\u00f6yd\u00e4tte Ruokaviraston sivuilta:<\/p>\n\n\n\n<p><a href=\"https:\/\/www.ruokavirasto.fi\/teemat\/tuonti-ja-vienti\/eu-maat-norja-ja-sveitsi\/elaimet\/linnut\/vankeudessa-pidettavat-linnut\">https:\/\/www.ruokavirasto.fi\/teemat\/tuonti-ja-vienti\/eu-maat-norja-ja-sveitsi\/elaimet\/linnut\/vankeudessa-pidettavat-linnut<\/a><\/p>\n","protected":false},"excerpt":{"rendered":"<p>Seuraavassa lyhyesti voimassa olevasta lains\u00e4\u00e4d\u00e4nn\u00f6st\u00e4: Tammikuun 2021 j\u00e4lkeen Suomen kansallinen el\u00e4intautilains\u00e4\u00e4d\u00e4nt\u00f6 on muuttunut siten, ett\u00e4 viestikyyhkysten rokottaminen Newcastlen tautia vastaan ei en\u00e4\u00e4 ole pakollista. T\u00e4t\u00e4 koskeva el\u00e4intautilain 76\/2021 perusteella annettu [&hellip;]<\/p>\n","protected":false},"author":1,"featured_media":0,"parent":0,"menu_order":0,"comment_status":"closed","ping_status":"closed","template":"","meta":{"_EventAllDay":false,"_EventTimezone":"","_EventStartDate":"","_EventEndDate":"","_EventStartDateUTC":"","_EventEndDateUTC":"","_EventShowMap":false,"_EventShowMapLink":false,"_EventURL":"","_EventCost":"","_EventCostDescription":"","_EventCurrencySymbol":"","_EventCurrencyCode":"","_EventCurrencyPosition":"","_EventDateTimeSeparator":"","_EventTimeRangeSeparator":"","_EventOrganizerID":[],"_EventVenueID":[],"_OrganizerEmail":"","_OrganizerPhone":"","_OrganizerWebsite":"","_VenueAddress":"","_VenueCity":"","_VenueCountry":"","_VenueProvince":"","_VenueState":"","_VenueZip":"","_VenuePhone":"","_VenueURL":"","_VenueStateProvince":"","_VenueLat":"","_VenueLng":"","_VenueShowMap":false,"_VenueShowMapLink":false,"footnotes":""},"class_list":["post-203","page","type-page","status-publish","hentry"],"yoast_head":"<!-- This site is optimized with the Yoast SEO plugin v27.6 - https:\/\/yoast.com\/product\/yoast-seo-wordpress\/ -->\n<title>Rokotukset - Suomen Viestikyyhky- Yhdistys<\/title>\n<meta name=\"robots\" content=\"index, follow, max-snippet:-1, max-image-preview:large, max-video-preview:-1\" \/>\n<link rel=\"canonical\" href=\"https:\/\/viestikyyhky.fi\/index.php\/rokotukset\/\" \/>\n<meta property=\"og:locale\" content=\"en_US\" \/>\n<meta property=\"og:type\" content=\"article\" \/>\n<meta property=\"og:title\" content=\"Rokotukset - Suomen Viestikyyhky- Yhdistys\" \/>\n<meta property=\"og:description\" content=\"Seuraavassa lyhyesti voimassa olevasta lains\u00e4\u00e4d\u00e4nn\u00f6st\u00e4: Tammikuun 2021 j\u00e4lkeen Suomen kansallinen el\u00e4intautilains\u00e4\u00e4d\u00e4nt\u00f6 on muuttunut siten, ett\u00e4 viestikyyhkysten rokottaminen Newcastlen tautia vastaan ei en\u00e4\u00e4 ole pakollista. T\u00e4t\u00e4 koskeva el\u00e4intautilain 76\/2021 perusteella annettu [&hellip;]\" \/>\n<meta property=\"og:url\" content=\"https:\/\/viestikyyhky.fi\/index.php\/rokotukset\/\" \/>\n<meta property=\"og:site_name\" content=\"Suomen Viestikyyhky- Yhdistys\" \/>\n<meta property=\"article:modified_time\" content=\"2025-02-15T01:20:09+00:00\" \/>\n<meta name=\"twitter:card\" content=\"summary_large_image\" \/>\n<meta name=\"twitter:label1\" content=\"Est. reading time\" \/>\n\t<meta name=\"twitter:data1\" content=\"1 minute\" \/>\n<script type=\"application\/ld+json\" class=\"yoast-schema-graph\">{\"@context\":\"https:\\\/\\\/schema.org\",\"@graph\":[{\"@type\":\"WebPage\",\"@id\":\"https:\\\/\\\/viestikyyhky.fi\\\/index.php\\\/rokotukset\\\/\",\"url\":\"https:\\\/\\\/viestikyyhky.fi\\\/index.php\\\/rokotukset\\\/\",\"name\":\"Rokotukset - Suomen Viestikyyhky- Yhdistys\",\"isPartOf\":{\"@id\":\"https:\\\/\\\/viestikyyhky.fi\\\/#website\"},\"datePublished\":\"2025-02-12T20:13:33+00:00\",\"dateModified\":\"2025-02-15T01:20:09+00:00\",\"breadcrumb\":{\"@id\":\"https:\\\/\\\/viestikyyhky.fi\\\/index.php\\\/rokotukset\\\/#breadcrumb\"},\"inLanguage\":\"en-US\",\"potentialAction\":[{\"@type\":\"ReadAction\",\"target\":[\"https:\\\/\\\/viestikyyhky.fi\\\/index.php\\\/rokotukset\\\/\"]}]},{\"@type\":\"BreadcrumbList\",\"@id\":\"https:\\\/\\\/viestikyyhky.fi\\\/index.php\\\/rokotukset\\\/#breadcrumb\",\"itemListElement\":[{\"@type\":\"ListItem\",\"position\":1,\"name\":\"Home\",\"item\":\"https:\\\/\\\/viestikyyhky.fi\\\/\"},{\"@type\":\"ListItem\",\"position\":2,\"name\":\"Rokotukset\"}]},{\"@type\":\"WebSite\",\"@id\":\"https:\\\/\\\/viestikyyhky.fi\\\/#website\",\"url\":\"https:\\\/\\\/viestikyyhky.fi\\\/\",\"name\":\"Suomen Viestikyyhky- Yhdistys\",\"description\":\"\",\"publisher\":{\"@id\":\"https:\\\/\\\/viestikyyhky.fi\\\/#organization\"},\"potentialAction\":[{\"@type\":\"SearchAction\",\"target\":{\"@type\":\"EntryPoint\",\"urlTemplate\":\"https:\\\/\\\/viestikyyhky.fi\\\/?s={search_term_string}\"},\"query-input\":{\"@type\":\"PropertyValueSpecification\",\"valueRequired\":true,\"valueName\":\"search_term_string\"}}],\"inLanguage\":\"en-US\"},{\"@type\":\"Organization\",\"@id\":\"https:\\\/\\\/viestikyyhky.fi\\\/#organization\",\"name\":\"Suomen Viestikyyhky- Yhdistys\",\"url\":\"https:\\\/\\\/viestikyyhky.fi\\\/\",\"logo\":{\"@type\":\"ImageObject\",\"inLanguage\":\"en-US\",\"@id\":\"https:\\\/\\\/viestikyyhky.fi\\\/#\\\/schema\\\/logo\\\/image\\\/\",\"url\":\"https:\\\/\\\/viestikyyhky.fi\\\/wp-content\\\/uploads\\\/2025\\\/01\\\/Zaki-Logo-1.png\",\"contentUrl\":\"https:\\\/\\\/viestikyyhky.fi\\\/wp-content\\\/uploads\\\/2025\\\/01\\\/Zaki-Logo-1.png\",\"width\":1274,\"height\":354,\"caption\":\"Suomen Viestikyyhky- Yhdistys\"},\"image\":{\"@id\":\"https:\\\/\\\/viestikyyhky.fi\\\/#\\\/schema\\\/logo\\\/image\\\/\"}}]}<\/script>\n<!-- \/ Yoast SEO plugin. -->","yoast_head_json":{"title":"Rokotukset - Suomen Viestikyyhky- Yhdistys","robots":{"index":"index","follow":"follow","max-snippet":"max-snippet:-1","max-image-preview":"max-image-preview:large","max-video-preview":"max-video-preview:-1"},"canonical":"https:\/\/viestikyyhky.fi\/index.php\/rokotukset\/","og_locale":"en_US","og_type":"article","og_title":"Rokotukset - Suomen Viestikyyhky- Yhdistys","og_description":"Seuraavassa lyhyesti voimassa olevasta lains\u00e4\u00e4d\u00e4nn\u00f6st\u00e4: Tammikuun 2021 j\u00e4lkeen Suomen kansallinen el\u00e4intautilains\u00e4\u00e4d\u00e4nt\u00f6 on muuttunut siten, ett\u00e4 viestikyyhkysten rokottaminen Newcastlen tautia vastaan ei en\u00e4\u00e4 ole pakollista. T\u00e4t\u00e4 koskeva el\u00e4intautilain 76\/2021 perusteella annettu [&hellip;]","og_url":"https:\/\/viestikyyhky.fi\/index.php\/rokotukset\/","og_site_name":"Suomen Viestikyyhky- Yhdistys","article_modified_time":"2025-02-15T01:20:09+00:00","twitter_card":"summary_large_image","twitter_misc":{"Est. reading time":"1 minute"},"schema":{"@context":"https:\/\/schema.org","@graph":[{"@type":"WebPage","@id":"https:\/\/viestikyyhky.fi\/index.php\/rokotukset\/","url":"https:\/\/viestikyyhky.fi\/index.php\/rokotukset\/","name":"Rokotukset - Suomen Viestikyyhky- Yhdistys","isPartOf":{"@id":"https:\/\/viestikyyhky.fi\/#website"},"datePublished":"2025-02-12T20:13:33+00:00","dateModified":"2025-02-15T01:20:09+00:00","breadcrumb":{"@id":"https:\/\/viestikyyhky.fi\/index.php\/rokotukset\/#breadcrumb"},"inLanguage":"en-US","potentialAction":[{"@type":"ReadAction","target":["https:\/\/viestikyyhky.fi\/index.php\/rokotukset\/"]}]},{"@type":"BreadcrumbList","@id":"https:\/\/viestikyyhky.fi\/index.php\/rokotukset\/#breadcrumb","itemListElement":[{"@type":"ListItem","position":1,"name":"Home","item":"https:\/\/viestikyyhky.fi\/"},{"@type":"ListItem","position":2,"name":"Rokotukset"}]},{"@type":"WebSite","@id":"https:\/\/viestikyyhky.fi\/#website","url":"https:\/\/viestikyyhky.fi\/","name":"Suomen Viestikyyhky- Yhdistys","description":"","publisher":{"@id":"https:\/\/viestikyyhky.fi\/#organization"},"potentialAction":[{"@type":"SearchAction","target":{"@type":"EntryPoint","urlTemplate":"https:\/\/viestikyyhky.fi\/?s={search_term_string}"},"query-input":{"@type":"PropertyValueSpecification","valueRequired":true,"valueName":"search_term_string"}}],"inLanguage":"en-US"},{"@type":"Organization","@id":"https:\/\/viestikyyhky.fi\/#organization","name":"Suomen Viestikyyhky- Yhdistys","url":"https:\/\/viestikyyhky.fi\/","logo":{"@type":"ImageObject","inLanguage":"en-US","@id":"https:\/\/viestikyyhky.fi\/#\/schema\/logo\/image\/","url":"https:\/\/viestikyyhky.fi\/wp-content\/uploads\/2025\/01\/Zaki-Logo-1.png","contentUrl":"https:\/\/viestikyyhky.fi\/wp-content\/uploads\/2025\/01\/Zaki-Logo-1.png","width":1274,"height":354,"caption":"Suomen Viestikyyhky- Yhdistys"},"image":{"@id":"https:\/\/viestikyyhky.fi\/#\/schema\/logo\/image\/"}}]}},"_links":{"self":[{"href":"https:\/\/viestikyyhky.fi\/index.php\/wp-json\/wp\/v2\/pages\/203","targetHints":{"allow":["GET"]}}],"collection":[{"href":"https:\/\/viestikyyhky.fi\/index.php\/wp-json\/wp\/v2\/pages"}],"about":[{"href":"https:\/\/viestikyyhky.fi\/index.php\/wp-json\/wp\/v2\/types\/page"}],"author":[{"embeddable":true,"href":"https:\/\/viestikyyhky.fi\/index.php\/wp-json\/wp\/v2\/users\/1"}],"replies":[{"embeddable":true,"href":"https:\/\/viestikyyhky.fi\/index.php\/wp-json\/wp\/v2\/comments?post=203"}],"version-history":[{"count":2,"href":"https:\/\/viestikyyhky.fi\/index.php\/wp-json\/wp\/v2\/pages\/203\/revisions"}],"predecessor-version":[{"id":247,"href":"https:\/\/viestikyyhky.fi\/index.php\/wp-json\/wp\/v2\/pages\/203\/revisions\/247"}],"wp:attachment":[{"href":"https:\/\/viestikyyhky.fi\/index.php\/wp-json\/wp\/v2\/media?parent=203"}],"curies":[{"name":"wp","href":"https:\/\/api.w.org\/{rel}","templated":true}]}}